) = -4*k**2 + 6*k - 7. Let d(r) = r**2 + r - 1. Let g(t) = 6*d(t) - i(t). Determine g(y).
11
Let d be (-1)/((2/(-38))/1). Let n = d - 13. Let q(l) = l + 4. Let b(o) = 4*o + 30. Let h(v) = -b(v) + 6*q(v). What is h(n)?
6
Let s(q) be the first derivative of -5*q**4 + 2*q**3/3 + q**2/2 - 2*q + 216. Calculate s(1).
-19
Let u(l) = -12*l - 2. Let y(m) = m + 1. Let z(w) = -u(w) + y(w). Let c(x) = 7*x + 2. Let f(q) = 11*c(q) - 6*z(q). What is f(0)?
4
Let i(f) = -10*f**3 - 295 + 147 + f**2 + 147. Suppose -4*x - 5 = -4*r - 17, 2*r - 4*x + 14 = 0. What is i(r)?
-10
Let j(y) = -y - 1233 + 617 + 619. Suppose 4*n = -9 - 15. What is j(n)?
9
Suppose 13 = -2*w + 19. Let a(z) = -7 + z**w + z**2 - 6*z**2 - 8*z + 2*z. What is a(6)?
-7
Let g(m) be the first derivative of 3*m**2/2 - 7*m + 15. Calculate g(-7).
-28
Let j(a) = 10*a**2 + a - 1. Let u(i) be the first derivative of -i**4/4 - 4*i**3/3 - i**2 + 4*i - 7. Let r be u(-3). Calculate j(r).
10
Let p(z) be the first derivative of 7*z**4/4 - z**3/3 - 13. Suppose 4*c = -y - 7, -2*y + 1 = -c - 3. Determine p(y).
6
Suppose -j - 37 = -5*q, 0 = -5*q + 2 + 23. Let t = 3 + j. Let b(k) = -k - 3. Determine b(t).
6
Let k(t) = 791*t + 2*t**2 + 14 - 1599*t + 781*t. Suppose 33 = -y - 2*y. Let v(x) = x**2 - 14*x + 7. Let d(q) = y*v(q) + 6*k(q). Calculate d(6).
-5
Let x(a) = a**3 + 19*a**2 - 4*a**3 - 17*a**2 - 3*a + 4*a**3. Let u(z) = -z**3 + 7*z**2 + 6*z + 13. Let s be u(8). What is x(s)?
0
Let z(h) = -16*h + 3. Let m(f) = 301*f - 56. Let w(j) = -3*m(j) - 56*z(j). Calculate w(1).
-7
Suppose 5*y + 16 - 1 = 0. Let i(t) = 2. Let c(m) = -m - 1. Suppose -5*n + 4*w - 2*w + 5 = 0, -3*n - 18 = 3*w. Let u(q) = n*i(q) + y*c(q). What is u(3)?
10
Let d(v) = -7*v**2 + 9 - 2 - v**3 + 456*v - 454*v. Let u be (-152)/24 + 6/(-9). Determine d(u).
-7
Let x(w) be the second derivative of w**4/12 + w**3/3 - 2*w**2 + 37*w. Suppose p + 2 = 2*p. Suppose -p*j - 18 = 3*o + j, -3*o + 5*j = -6. Determine x(o).
-1
Let j(n) = n + 5. Let o(x) = -x**2 - 42*x - 128. Let y be o(-39). What is j(y)?
-6
Let p(l) = -11*l + 2. Let q be p(2). Let u be (3/(-6))/((-5)/q). Let m(h) = -2*h**2 + 6*h - 4*h + 2 + h**2 - h**3. Determine m(u).
2
Let b(o) = -7*o - 1. Let v = 66 - 65. Let z(x) = -x. Let s(k) = v*b(k) - 4*z(k). Determine s(-1).
2
Let q = -17 - -14. Suppose -5*p = l - 12, 4*l = -8 - 4. Let z(i) = -p*i + i**3 + 4*i**2 - 4*i**2 - 2*i - 3 + 2*i**2. Give z(q).
3
Let m(a) = -2*a - 1. Let h(j) = 3*j + 3. Let y be h(-1). Suppose u - 4 + 3 = y. Calculate m(u).
-3
Let b(g) be the first derivative of -g**3/3 + 2*g**2 + 19*g - 577. Calculate b(7).
-2
Let c(z) = z + 9. Suppose 0 = -6*g + 26 + 4. Let b(l) = l**2 - 6*l + 1. Let s be b(g). What is c(s)?
5
Let f(m) = 2*m + 4. Let c(i) = 3*i**2 - 4*i + 4. Let w be c(3). Let b = w + -28. Let u = 5 + b. What is f(u)?
-4
Let o be (-3)/(-6)*(1 + -9). Let a(x) = x**2 + 6*x + 2. Calculate a(o).
-6
Suppose 2*g - 2*y = 0, -5*g + 4*y + 2 - 5 = 0. Let d(m) = -m**2 + m - 4. Calculate d(g).
-16
Let q(a) = 2*a**3 + 12*a**2 - 6*a - 32. Let t be q(-6). Let j be (2 - 2*-1)*2. Let m be t/(-1) + j - 9. Let l(p) = p**3 + 5*p**2 - 2*p + 1. What is l(m)?
11
Let x(k) = -k**3 + 17*k**2 + k - 23. Let g be x(17). Let h be (2/g)/(10/(-30)). Let y(q) = -q**3 - q**2 + q. What is y(h)?
-1
Let h(f) = -2*f**2 + 4*f - 3. Let t(u) = -u**3 - 30*u**2 + 35*u + 128. Let d be t(-31). What is h(d)?
-19
Let t(h) be the third derivative of h**4/6 - 19*h**3/3 + 259*h**2 + 1. Give t(6).
-14
Let t(l) = l. Suppose 5*a - 7 = -u, 3*u + 4*a = 2*u + 6. Suppose 4*f + 20 = u*z, -2*z + 6*z = -f - 5. Give t(f).
-5
Let n(a) = a**3 + 6*a**2 - 56*a + 1. Let r be n(-11). Let b(o) = -o + 9. What is b(r)?
-3
Let s(v) = -v**2 - 2*v + 2. Let n(k) = -17 + 9 + 8 + k. Let q(j) = 2*n(j) + s(j). What is q(0)?
2
Let l be (-1 - 7) + -5 + -1 + 10. Let a(h) = -h - 8. Calculate a(l).
-4
Let l(q) be the third derivative of 5/6*q**3 + 1/4*q**4 + 0 + 19*q**2 + 1/120*q**6 - 2/15*q**5 + 0*q. What is l(7)?
-2
Let r(s) = 32*s**2 - s. Suppose -5*j = 5*z, 2*z + 0 = -4*j - 4. Let t be (j + (-14)/(-6))/((-12)/36). Give r(t).
33
Let n(m) = -m**2 + 5*m + 6. Suppose -2*y + 4*y - t = 3, t - 9 = -4*y. Let c be (-5)/(-2)*y/(-1). Let h = 11 + c. Give n(h).
0
Let d(m) = -m**2 + 0*m**2 + 2*m**2 - 1 + 4*m. Let b(g) = 7*g - 20. Let l be ((-6)/9)/((-6)/(-27)) + 5. Let c be b(l). What is d(c)?
11
Let p(h) be the third derivative of -1/12*h**4 - 1/6*h**3 - 17*h**2 + 0*h + 0. Give p(-4).
7
Let k(q) be the first derivative of -3*q**4/4 + 5*q**3/3 - 3*q**2/2 + q - 196. Give k(3).
-44
Let o(z) = 1 + 9*z - 3*z - 7*z. Let h be o(5). Let y(v) = -v + 5. Give y(h).
9
Let n(c) = 3*c**2 - 11*c + 13. Let x(l) = -l**3 + 16*l**2 - 40*l + 16. Let z be x(13). What is n(z)?
7
Let x = -77 - -77. Suppose x = -4*m + 4 + 4. Let r(g) = 4*g - 2. Give r(m).
6
Let v = 1615 - 1615. Let d(k) be the second derivative of 5/6*k**3 + k**2 + v + k + 1/6*k**4. Calculate d(-3).
5
Suppose 7*r - 283 = -276. Let z(s) = 4 + s - 1 - 3 + 3*s**2. Calculate z(r).
4
Let l(p) be the first derivative of p**4/4 - 2*p**3 + p**2 + 4*p - 73. Give l(6).
16
Let g(b) be the third derivative of b**6/360 - 7*b**5/120 + b**4/6 - 4*b**3/3 - 2*b**2. Let n(s) be the first derivative of g(s). What is n(5)?
-6
Suppose -13 + 49 = -12*l. Let u(i) = 5*i + 12. What is u(l)?
-3
Let s(c) = c**3 - 6*c**2 - 6*c - 4. Let q be ((-32)/(-12) - 3)*-36 + -5. What is s(q)?
3
Let i be (-10)/40*12 - (1 + -4). Let h(t) be the third derivative of -t**4/24 - 2*t**3/3 + 2*t**2. Calculate h(i).
-4
Let v(g) = 17*g**3 - 2*g**2 - 7. Let q(i) = -30*i**3 + 3*i**2 + i + 13. Let z(t) = -4*q(t) - 7*v(t). Give z(-4).
-19
Let d be (-5 + 7)*6/4. Let k(s) be the first derivative of 1/3*s**d + 13 + 5/2*s**2 + 0*s. What is k(-4)?
-4
Let o(l) be the first derivative of l**3 + 4*l**2 + 9*l - 19. Let n(j) = j**2 + j + 1. Let y(s) = 2*n(s) - o(s). Determine y(-6).
-7
Let d be (-566)/(-14) + 3/(-7). Suppose -8 = 2*o - 2*w, -5*w = 2*o + 3*o + d. Let z(c) = -c**2 - 7*c + 2. Calculate z(o).
8
Let l(p) = -6*p + 1. Suppose 2*w = 407 - 409. Calculate l(w).
7
Let z be (6 - 11)*(-1)/1. Let b(d) = -d**2 + 5*d + 4. Give b(z).
4
Let b = 15 - 10. Let q(j) = b + j + 6 - 4. Calculate q(0).
7
Let w be 9*(3 + -9)*4/(-24). Let v(h) = -4*h + 12. Give v(w).
-24
Suppose 10*s + 9 = 19. Let i = 7 + -4. Let l(y) = -y**2 + 1 - 3*y**i + 8*y**3 + 0. Give l(s).
5
Let f(z) = z**2 + 2*z - 7. Let a be -1 - (-9)/(36/(-592)). Let j be (-13)/(-26) - a/2. Let l be (4/12)/((-5)/j). Give f(l).
8
Let b(z) = 5*z - 5*z - 23 + z + 7*z + 24 + z**2. Determine b(-10).
21
Let i(q) = 35*q + 733. Let s be i(-21). Let o(z) = z**2 - 2*z + 2*z**3 - 1 - z**3 + 0. What is o(s)?
-1
Let t(q) = -96*q + 385. Let w be t(4). Let j = -2 + 4. Let l(s) = s + 6*s**j + s - 3*s. Calculate l(w).
5
Let b = 151 + -156. Let k(v) = -v**2 - 5*v + 2. What is k(b)?
2
Suppose -3*n + 5*y = 11, 7 = -2*n + 3*y - 0*y. Let l(q) be the second derivative of 1/20*q**5 + 1/4*q**4 + 0 + 1/2*q**3 - 7*q + q**2. What is l(n)?
0
Let r(a) = -a + 7. Suppose 0*y - 5*y = -40. Let g be r(y). Let w be 0 - -6*g/3. Let b(p) = p**3 + 3*p + 3. Give b(w).
-11
Let g(d) = 16*d**3 - d**2 - d. Let n(z) = -z**3 + 4*z**2 - 2*z - 4. Let j be n(3). Determine g(j).
-16
Suppose 14*h - 148 = -23*h. Let q(n) = n**2 - 5*n + 6. Give q(h).
2
Let c = -106 + 105. Let q be c/(3 + (-52)/16). Let z(j) = 3*j + 2. Let x(b) = -7*b - 5. Let i(l) = 4*x(l) + 9*z(l). Calculate i(q).
-6
Let q(m) = 0*m - m - 3 + 4*m. Let t(d) = -3*d + 4. Let w(p) = -4*q(p) - 3*t(p). Suppose -84*n - 115 = 279 - 58. Give w(n).
12
Let g(u) = u**3 - 18*u**2 + 18*u - 5. Suppose -d + 30 - 28 = 0, -d = 4*m - 70. Calculate g(m).
12
Suppose -2*r - 3*z + 16 = 0, 5*r + 4*z - 31 - 9 = 0. Let q(j) = -j + 7. Calculate q(r).
-1
Let v(x) = 8*x**2 + x. Suppose 4*k = 4*g, -10 = -4*k - 0*k + 2*g. Suppose 5*q - 4*w - 17 - 3 = 0, -4*w - 20 = -3*q. Suppose q = a - 6*a + k. Calculate v(a).
9
Let y(k) = 2*k + 4. Suppose 13*n + 35 = -5*v + 18*n, 4*v + 29 = 5*n. Give y(v).
-8
Let h(o) = -2*o**2 - 9*o - 9. Let c = 789 - 795. Give h(c).
-27
Let z be 56/63*99/22. Let w(x) = -3*x + 8. Determine w(z).
-4
Let r(b) = -4*b**2 + b**3 - 8*b**2 + 5*b**2 + 5 - b. Suppose -9*d + 3*h + 59 = -h, 0 = 5*h - 5. Determine r(d).
-2
Let q be (-2)/4*0/(-12). Let h(w) = -4*w**2 - 5*w**2 + 5*w**2 + w + q*w*